 d = 37 - 79. Let j = d + 91. Suppose 7*g - 39 = 4*g. Calculate the remainder when j is divided by g.
10
Let w = 34 + -33. Calculate the remainder when 12 is divided by (-1 + 0)*w*(-26 - -19).
5
Suppose 20*x - 21*x + 28 = 0. What is the remainder when 4/(1 + x/(-32)) is divided by 19?
13
Suppose -3*o - 56 = -5*t, 14 = 2*t - 2*o - 6. Let p(i) = 6*i - 15. Suppose -m + 10 + 6 = 0. What is the remainder when p(t) is divided by m?
15
Let p(v) = 0 + 18 - 9*v + 77*v**3 - 76*v**3 - 6*v**2 - 3. Calculate the remainder when 3 is divided by p(7).
0
Let b = 39 + -35. Let h(j) = -6*j**2 + 0 + 0*j + j + j**3 - 4. Calculate the remainder when b is divided by h(6).
0
Suppose 3*g - 5*r - 1003 = 0, 0 = g - 2*r + 7*r - 301. Calculate the remainder when g is divided by 7.
4
Let n = -350 - -427. Calculate the remainder when n is divided by 34.
9
Suppose 5*p + 5 = -2*o + 4*p, 5 = -4*o - 3*p. What is the remainder when 19 is divided by (118/12)/1 - o/30?
9
Let t(a) be the first derivative of -2*a**3/3 - 3*a**2/2 - 4*a + 4. Let g be t(-4). Calculate the remainder when 3 is divided by g/(-30)*(-5)/(-2).
1
Suppose 1571 - 563 = -21*p. Suppose -4*t - 292 = -5*d, -d + 2*d = -2*t - 132. Let y = p - t. Calculate the remainder when y is divided by 6.
2
Suppose l + 3*l = 184. What is the remainder when l is divided by (9/(-4))/(-6 + 3402/576)?
22
Let a(l) = -l**3 + 10*l**2 - 16*l + 4. Calculate the remainder when 138/33 - 4/22 is divided by a(8).
0
Suppose 3*v - 7*v + 12 = 0. Let y = 50 - 30. Suppose x + 19 = 5*k - 20, -2*k - 4*x = -y. Calculate the remainder when k is divided by v.
2
Let q(g) = -6*g - 44. Let x be q(-8). Suppose u - 50 = w, 2*u + u + x*w - 122 = 0. Calculate the remainder when u is divided by 15.
1
Suppose -l = -6*l - 4*n + 175, -4*l + n = -161. Suppose 0 = 2*r + 5*j - 132, 5*j + 71 = 2*r - 101. What is the remainder when r is divided by l?
37
Suppose 4*q - y = -0*q + 118, -149 = -5*q + 2*y. Suppose 2*v - 6 = 10. Calculate the remainder when q is divided by v.
5
Let u(j) = 5*j**2. Let k = 4 - 4. Let h(p) = -p**3 - p**2 - p + 11. What is the remainder when u(-2) is divided by h(k)?
9
Let s(n) = -n**2 - 39*n + 69. What is the remainder when s(-25) is divided by 10?
9
Let m(u) = u**2 + 11*u - 6. Let p be m(5). Suppose v + 55 = p. Calculate the remainder when 35 is divided by v.
16
Suppose -4*i - 5*p + 55 = 4, i - 18 = 4*p. Suppose s - 4*t - 24 = 0, 0 = 6*s - s - 4*t - 40. Calculate the remainder when i is divided by s.
2
Suppose 3*b - i + 47 = -6*i, 0 = b - i + 29. Let k(o) = -o - 1. What is the remainder when 91 is divided by k(b)?
22
Let x = 36 - 50. Let i(n) = n**3 + 15*n**2 + 15*n + 19. Calculate the remainder when 11 is divided by i(x).
1
Let d = 436 + 100. Suppose 0 = -5*q + 13*q - d. Calculate the remainder when q is divided by 12.
7
Let r = 245 - 184. Calculate the remainder when 175 is divided by r.
53
Let y(m) be the third derivative of m**5/15 - 5*m**4/24 + m**3/3 - 6*m**2. What is the remainder when y(3) is divided by 8?
7
Suppose -3*m = -4*x + 10, -4*x - m = -6 - 12. Suppose 0 = x*w, 0 = -2*b - 2*w + w + 22. Calculate the remainder when 185/5 - (0 - 3) is divided by b.
7
Calculate the remainder when 94 is divided by ((-693)/(-1155))/(1/(110/6)).
6
Let q be (-1413)/6*8/6. Let z be q*(-2 + (-6)/(-4)). Suppose 3*o = -5*b + z, -2*o + 5*b = o - 167. What is the remainder when o is divided by 14?
12
Let n = -2 - -5. Suppose 0 = -4*h - n*a + 503, -4*h + a + 549 = 66. What is the remainder when h is divided by 31?
29
Suppose q - 1 - 3 = 0. What is the remainder when 77 is divided by q*20/(7 - 2)?
13
Suppose 436 = 4*x + 2*t, x + 3*t - 432 = -3*x. Suppose 96 = 5*w + 2*m + 5, 2*w - 28 = -5*m. Calculate the remainder when x is divided by w.
16
Suppose 4060 = 9*x + 5*x. Suppose -9*w + 250 = -x. Calculate the remainder when w is divided by 21.
18
Suppose -a = -6 + 3. Suppose -a*p + 88 = -p + j, 5*j = 5*p - 235. Calculate the remainder when p is divided by 24.
21
Let v(z) = 2*z - 2. Let p(q) = q**2 - 19*q - 39. What is the remainder when p(22) is divided by v(6)?
7
Suppose 2*b = -2*b - 24. Suppose -48 = -0*q - 4*q. Calculate the remainder when (-9)/b*(-88)/(-6) is divided by q.
10
Let x = -1350 - -1388. What is the remainder when 153 is divided by x?
1
Let n(z) = -4*z + 3. Let c be n(-3). Let a = c + 3. What is the remainder when a is divided by 69/115*350/21?
8
Suppose 5*a = h - 6, -3*h = h - 5*a - 24. Suppose 5*b + 4*d - 12 = 0, 11 = 3*b - 3*d - 7. What is the remainder when ((-6)/b)/(9/(-138)) is divided by h?
5
Let p(l) = -19*l - 2. Let t = 1784 - 1456. Calculate the remainder when t is divided by p(-3).
53
Let i(q) = q**3 + 2*q**2 - 3*q + 15. Let s be i(-5). Let c = 68 + s. What is the remainder when c is divided by 14?
9
Let a = 41 - 14. Calculate the remainder when a is divided by -5 + 2/(-6)*-63.
11
Let h(v) = 22*v - 70. Calculate the remainder when h(12) is divided by 25.
19
Suppose 0*r - 5 = -r. Let x = -1 + r. What is the remainder when 230/x*(-8)/(-10) is divided by 12?
10
Let r be ((0/(-14))/(0 + 1))/(-4). Suppose 9*u - 219 - 42 = r. Calculate the remainder when u is divided by 17.
12
Let z(p) = p**2 + 7*p + 17. What is the remainder when 34 is divided by z(-8)?
9
Let b be 39/(1/(3 - 4)) - 4. Suppose -w - 12 + 32 = 0. Let j = w - b. Calculate the remainder when j is divided by 16.
15
Let m(h) = -h + 2. Let c be m(-3). Suppose 2*o = -4*y + 14, 4*y + o - c = 2*o. Calculate the remainder when 1 - -42*2/y is divided by 22.
21
Let u = 121 - 64. What is the remainder when u is divided by (-1*7)/(23/(-69))?
15
Suppose 0 = 14*z - 3019 + 835. What is the remainder when z is divided by 16?
12
Let r(v) = v - 4. Calculate the remainder when 26 is divided by r(5).
0
Let n(b) = -b**2 - 7*b + 2. Let a = 12 + -19. Let s be n(a). Suppose 5*g = 2*f - 88, -3*f + s*g + 107 = -47. What is the remainder when f is divided by 14?
12
Suppose 0 = -5*x - 150 + 500. Suppose -5*c + 4*f + f = -x, 0 = -3*c + 5*f + 48. Suppose -9 = 4*s - 173. What is the remainder when s is divided by c?
8
Let r be ((-6)/(-5))/(12/40). Suppose -r*j + 65 = a, -16 = 5*j + 2*a - 95. Let k = 14 - 4. What is the remainder when j is divided by k?
7
Let d = 21 - 24. Let h = d + 18. Suppose 0 = -2*l + 3*l - 28. What is the remainder when l is divided by h?
13
Suppose 6*f = 3*f + 4*o + 21, 5*f + o - 12 = 0. Suppose -f*d + 15 + 8 = t, -3*t - d = -93. Calculate the remainder when t is divided by 17.
15
Let s = 36 - 26. What is the remainder when 39 is divided by s?
9
Let s(v) = 13*v. Suppose -2*n = 4*m + 492, -2*n + 0*m - 504 = -2*m. Calculate the remainder when 1/1 + n/(-2 + -3) is divided by s(2).
25
Let k(n) = -n**3 - 16*n**2 + 5*n + 11. Let m be k(-7). Calculate the remainder when m/(-7) + (-60)/140 is divided by 23.
20
Suppose 21*d = 15*d + 1362. What is the remainder when d is divided by 21?
17
Suppose -3*b - b + 8 = 0. Suppose -2*y - b*y = -16. Calculate the remainder when 73 is divided by 5/((-52)/(-12) - y).
13
Suppose 0 = -8*h + 5*h + 147. What is the remainder when h is divided by (-3)/(((-18)/156)/(3/6))?
10
Let m = 50 - 26. Let n(k) = k**2 - k + 94. Let i = -12 + 12. Calculate the remainder when n(i) is divided by m.
22
Suppose 436 = 5*u - 3*h, -4*u + 5*h + 240 = -101. Calculate the remainder when u is divided by 25/2 - (-1)/2.
11
Let f be (6/15)/((-3)/15). Suppose 10 = -4*p + 34. Calculate the remainder when (-10)/(-1*f/(-3)) is divided by p.
3
Let g(h) = 4*h - 26. Suppose -6*s = -2*s - 164. Calculate the remainder when s is divided by g(10).
13
Let i(b) = 3*b + 74. Suppose 200 = -v + 3*v. What is the remainder when v is divided by i(-16)?
22
Let s = 220 + -103. What is the remainder when s is divided by 32?
21
Let f = -24 + 40. What is the remainder when (-1452)/(-32) + 3/(-8) is divided by f?
13
Suppose 148 = 4*j + m, -m - 136 = -7*j + 123. What is the remainder when j is divided by 23?
14
Suppose 90 = 5*b + 25. Calculate the remainder when 41 is divided by b.
2
Suppose 63 = -0*a + 3*a. Suppose 2*q = -3 + 7. Suppose -h = -q - 4. What is the remainder when a is divided by h?
3
Let h = -64 - -310. Calculate the remainder when h is divided by 62.
60
Suppose 51025 = 22*y + 15957. What is the remainder when y is divided by 21?
19
Calculate the remainder when 237 is divided by 134 - (-6 + -1)*-